?
2, 2287
What are the prime factors of 14684?
2, 3671
List the prime factors of 33461.
33461
What are the prime factors of 27623?
23, 1201
What are the prime factors of 16819?
11, 139
List the prime factors of 108511.
13, 17, 491
What are the prime factors of 14467?
17, 23, 37
What are the prime factors of 9095?
5, 17, 107
What are the prime factors of 2552?
2, 11, 29
What are the prime factors of 1295?
5, 7, 37
List the prime factors of 36.
2, 3
What are the prime factors of 54271?
7, 7753
List the prime factors of 3898.
2, 1949
What are the prime factors of 9066?
2, 3, 1511
What are the prime factors of 1038?
2, 3, 173
What are the prime factors of 1333?
31, 43
List the prime factors of 5377.
19, 283
What are the prime factors of 2038?
2, 1019
What are the prime factors of 5700?
2, 3, 5, 19
What are the prime factors of 4689?
3, 521
What are the prime factors of 990?
2, 3, 5, 11
What are the prime factors of 157072?
2, 9817
What are the prime factors of 62526?
2, 3, 17, 613
What are the prime factors of 20332?
2, 13, 17, 23
What are the prime factors of 17098?
2, 83, 103
List the prime factors of 12822.
2, 3, 2137
List the prime factors of 7811.
73, 107
List the prime factors of 9969.
3, 3323
List the prime factors of 108502.
2, 54251
List the prime factors of 1441.
11, 131
What are the prime factors of 398?
2, 199
List the prime factors of 813.
3, 271
What are the prime factors of 8103?
3, 37, 73
List the prime factors of 685.
5, 137
List the prime factors of 13175.
5, 17, 31
List the prime factors of 2361.
3, 787
List the prime factors of 8063.
11, 733
List the prime factors of 5277.
3, 1759
What are the prime factors of 570?
2, 3, 5, 19
What are the prime factors of 2301?
3, 13, 59
List the prime factors of 70403.
23, 3061
List the prime factors of 9633.
3, 13, 19
What are the prime factors of 35968?
2, 281
List the prime factors of 26470.
2, 5, 2647
What are the prime factors of 1981?
7, 283
List the prime factors of 430.
2, 5, 43
List the prime factors of 8148.
2, 3, 7, 97
List the prime factors of 383.
383
What are the prime factors of 7665?
3, 5, 7, 73
List the prime factors of 7307.
7307
List the prime factors of 2452.
2, 613
List the prime factors of 1546.
2, 773
What are the prime factors of 85069?
97, 877
What are the prime factors of 35356?
2, 8839
What are the prime factors of 366?
2, 3, 61
List the prime factors of 32795.
5, 7, 937
What are the prime factors of 24353?
7, 71
List the prime factors of 11164.
2, 2791
List the prime factors of 16289.
7, 13, 179
What are the prime factors of 3096?
2, 3, 43
List the prime factors of 67171.
13, 5167
What are the prime factors of 1489?
1489
What are the prime factors of 2088?
2, 3, 29
List the prime factors of 6735.
3, 5, 449
List the prime factors of 4731.
3, 19, 83
What are the prime factors of 19134?
2, 3, 1063
What are the prime factors of 2183?
37, 59
List the prime factors of 6292.
2, 11, 13
List the prime factors of 1708.
2, 7, 61
What are the prime factors of 1961?
37, 53
What are the prime factors of 1459?
1459
What are the prime factors of 9523?
89, 107
What are the prime factors of 46694?
2, 37, 631
List the prime factors of 12089.
7, 11, 157
What are the prime factors of 1138?
2, 569
List the prime factors of 71591.
13, 5507
What are the prime factors of 43851?
3, 47, 311
List the prime factors of 11880.
2, 3, 5, 11
List the prime factors of 8181.
3, 101
What are the prime factors of 249?
3, 83
What are the prime factors of 6898?
2, 3449
List the prime factors of 9805.
5, 37, 53
List the prime factors of 2361.
3, 787
What are the prime factors of 25447?
25447
List the prime factors of 3746.
2, 1873
What are the prime factors of 1996?
2, 499
List the prime factors of 185.
5, 37
What are the prime factors of 345?
3, 5, 23
What are the prime factors of 815?
5, 163
List the prime factors of 2950.
2, 5, 59
List the prime factors of 82.
2, 41
What are the prime factors of 30861?
3, 127
What are the prime factors of 1497?
3, 499
What are the prime factors of 2789?
2789
List the prime factors of 426.
2, 3, 71
What are the prime factors of 5771?
29, 199
What are the prime factors of 10971?
3, 23, 53
List the prime factors of 6780.
2, 3, 5, 113
List the prime factors of 3904.
2, 61
What are the prime factors of 4586?
2, 2293
What are the prime factors of 1367?
1367
List the prime factors of 58165.
5, 11633
List the prime factors of 4127.
4127
What are the prime factors of 16098?
2, 3, 2683
What are the prime factors of 399?
3, 7, 19
List the prime factors of 17934.
2, 3, 7, 61
What are the prime factors of 14171?
37, 383
List the prime factors of 52112.
2, 3257
List the prime factors of 25181.
13, 149
What are the prime factors of 9448?
2, 1181
What are the prime factors of 1995?
3, 5, 7, 19
List the prime factors of 168230.
2, 5, 16823
What are the prime factors of 4?
2
List the prime factors of 35120.
2, 5, 439
What are the prime factors of 34795?
5, 6959
What are the prime factors of 4996?
2, 1249
List the prime factors of 566.
2, 283
What are the prime factors of 6419?
7, 131
What are the prime factors of 86907?
3, 59, 491
What are the prime factors of 8480?
2, 5, 53
What are the prime factors of 36741?
3, 37, 331
What are the prime factors of 16386?
2, 3, 2731
What are the prime factors of 115666?
2, 151, 383
List the prime factors of 4055.
5, 811
What are the prime factors of 354?
2, 3, 59
What are the prime factors of 3869?
53, 73
What are the prime factors of 22020?
2, 3, 5, 367
List the prime factors of 873.
3, 97
List the prime factors of 505.
5, 101
List the prime factors of 34682.
2, 17341
What are the prime factors of 21844?
2, 43, 127
What are the prime factors of 3657?
3, 23, 53
List the prime factors of 146.
2, 73
List the prime factors of 83754.
2, 3, 11, 47
What are the prime factors of 706?
2, 353
What are the prime factors of 431?
431
What are the prime factors of 156038?
2, 61, 1279
List the prime factors of 6845.
5, 37
List the prime factors of 2917.
2917
List the prime factors of 7010.
2, 5, 701
What are the prime factors of 15237?
3, 1693
What are the prime factors of 22537?
31, 727
What are the prime factors of 1318?
2, 659
What are the prime factors of 5516?
2, 7, 197
What are the prime factors of 766?
2, 383
What are the prime factors of 27939?
3, 67, 139
What are the prime factors of 9250?
2, 5, 37
List the prime factors of 335.
5, 67
What are the prime factors of 1326?
2, 3, 13, 17
What are the prime factors of 7147?
7, 1021
What are the prime factors of 21593?
11, 13, 151
What are the prime factors of 1074?
2, 3, 179
List the prime factors of 27923.
7, 3989
List the prime factors of 383.
383
List the prime factors of 173625.
3, 5, 463
List the prime factors of 53049.
3, 17683
What are the prime factors of 31412?
2, 7853
What are the prime factors of 727?
727
What are the prime factors of 23644?
2, 23, 257
What are the prime factors of 153911?
153911
List the prime factors of 204.
2, 3, 17
List the prime factors of 31309.
131, 239
What are the prime factors of 6651?
3, 739
List the prime factors of 10061.
10061
List the prime factors of 21352.
2, 17, 157
List the prime factors of 2694.
2, 3, 449
List the prime factors of 13718.
2, 19
List the prime factors of 35773.
83, 431
What are the prime factors of 29318?
2, 107, 137
List the prime factors of 5922.
2, 3, 7, 47
What are the prime factors of 29440?
2, 5, 23
What are the prime factors of 2680?
2, 5, 67
What are the prime factors of 65023?
7, 1327
What are the prime factors of 2260?
2, 5, 113
What are the prime factors of 4302?
2, 3, 239
List the prime factors of 9294.
2, 3, 1549
What are the prime factors of 4388?
2, 1097
List the prime factors of 15.
3, 5
What are the prime factors of 32378?
2, 16189
List the prime factors of 2196.
2, 3, 61
List the prime factors of 44696.
2, 37, 151
What are the prime factors of 36468?
2, 3, 1013
What are the prime factors of 2829?
3, 23, 41
What are the prime factors of 46443?
3, 113, 137
List the prime factors of 968.
2, 11
What are the prime factors of 106541?
106541
List the prime factors of 155823.
3, 51941
List the prime factors of 301.
7, 43
What are the prime factors of 6156?
2, 3, 19
What are the prime factors of 2906?
2, 1453
What are the prime factors